{"id":2,"date":"2023-08-07T00:26:54","date_gmt":"2023-08-06T21:26:54","guid":{"rendered":"https:\/\/bilimyeri.com\/?page_id=2"},"modified":"2023-08-08T02:22:09","modified_gmt":"2023-08-07T23:22:09","slug":"veri-analizi-fiyat-teklifi-alma","status":"publish","type":"page","link":"https:\/\/bilimyeri.com\/?page_id=2","title":{"rendered":"Veri Analizi Fiyat Teklifi Alma"},"content":{"rendered":"\n<div class=\"wp-block-uagb-advanced-heading uagb-block-9f865d31\"><h2 class=\"uagb-heading-text\">Veri Analizi Fiyat Teklifi Alma<\/h2><\/div>\n\n\n<div class=\"forminator-ui forminator-custom-form forminator-custom-form-118 forminator-design--default  forminator_ajax\" data-forminator-render=\"0\" data-form=\"forminator-module-118\" data-uid=\"69e485dd7df81\"><br\/><\/div><form\n\t\t\t\tid=\"forminator-module-118\"\n\t\t\t\tclass=\"forminator-ui forminator-custom-form forminator-custom-form-118 forminator-design--default  forminator_ajax\"\n\t\t\t\tmethod=\"post\"\n\t\t\t\tdata-forminator-render=\"0\"\n\t\t\t\tdata-form-id=\"118\"\n\t\t\t\t data-color-option=\"default\" data-design=\"default\" data-grid=\"open\" style=\"display: none;\"\n\t\t\t\tdata-uid=\"69e485dd7df81\"\n\t\t\t><div role=\"alert\" aria-live=\"polite\" class=\"forminator-response-message forminator-error\" aria-hidden=\"true\"><\/div><div class=\"forminator-row\"><div id=\"checkbox-1\" class=\"forminator-field-checkbox forminator-col forminator-col-12 \"><div role=\"group\" class=\"forminator-field required\" aria-labelledby=\"forminator-checkbox-group-forminator-field-checkbox-1-69e485dd7df81-label\"><span id=\"forminator-checkbox-group-forminator-field-checkbox-1-69e485dd7df81-label\" class=\"forminator-label\">Fiyat Teklifi Alma <span class=\"forminator-required\">*<\/span><\/span><label id=\"forminator-field-checkbox-1-1-69e485dd7df81-label\" for=\"forminator-field-checkbox-1-1-69e485dd7df81\" class=\"forminator-checkbox forminator-has_image forminator-has_box\" title=\"SPSS Veri Analizi\"><input type=\"checkbox\" name=\"checkbox-1[]\" value=\"service-1\" id=\"forminator-field-checkbox-1-1-69e485dd7df81\" aria-labelledby=\"forminator-field-checkbox-1-1-69e485dd7df81-label\" data-calculation=\"0\"   aria-describedby=\"forminator-field-checkbox-1-69e485dd7df81-description\"\/><span class=\"forminator-checkbox-box\" aria-hidden=\"true\"><\/span><span class=\"forminator-checkbox-label\">SPSS Veri Analizi<\/span><span class=\"forminator-checkbox-image\" aria-hidden=\"true\"><span style=\"background-image: url(https:\/\/bilimyeri.com\/wp-content\/uploads\/2023\/08\/va_spss.png);\"><\/span><\/span><\/label><label id=\"forminator-field-checkbox-1-2-69e485dd7df81-label\" for=\"forminator-field-checkbox-1-2-69e485dd7df81\" class=\"forminator-checkbox forminator-has_image forminator-has_box\" title=\"AMOS\/LISREL Veri Analizi\"><input type=\"checkbox\" name=\"checkbox-1[]\" value=\"service-2\" id=\"forminator-field-checkbox-1-2-69e485dd7df81\" aria-labelledby=\"forminator-field-checkbox-1-2-69e485dd7df81-label\" data-calculation=\"0\"   aria-describedby=\"forminator-field-checkbox-1-69e485dd7df81-description\"\/><span class=\"forminator-checkbox-box\" aria-hidden=\"true\"><\/span><span class=\"forminator-checkbox-label\">AMOS\/LISREL Veri Analizi<\/span><span class=\"forminator-checkbox-image\" aria-hidden=\"true\"><span style=\"background-image: url(https:\/\/bilimyeri.com\/wp-content\/uploads\/2023\/08\/va_amos.png);\"><\/span><\/span><\/label><label id=\"forminator-field-checkbox-1-3-69e485dd7df81-label\" for=\"forminator-field-checkbox-1-3-69e485dd7df81\" class=\"forminator-checkbox forminator-has_image forminator-has_box\" title=\"PROCESS Veri Analizi\"><input type=\"checkbox\" name=\"checkbox-1[]\" value=\"PROCESS-Veri-Analizi\" id=\"forminator-field-checkbox-1-3-69e485dd7df81\" aria-labelledby=\"forminator-field-checkbox-1-3-69e485dd7df81-label\" data-calculation=\"0\"   aria-describedby=\"forminator-field-checkbox-1-69e485dd7df81-description\"\/><span class=\"forminator-checkbox-box\" aria-hidden=\"true\"><\/span><span class=\"forminator-checkbox-label\">PROCESS Veri Analizi<\/span><span class=\"forminator-checkbox-image\" aria-hidden=\"true\"><span style=\"background-image: url(https:\/\/bilimyeri.com\/wp-content\/uploads\/2023\/08\/va_process.png);\"><\/span><\/span><\/label><label id=\"forminator-field-checkbox-1-4-69e485dd7df81-label\" for=\"forminator-field-checkbox-1-4-69e485dd7df81\" class=\"forminator-checkbox forminator-has_image forminator-has_box\" title=\"NVIVO Veri Analizi\"><input type=\"checkbox\" name=\"checkbox-1[]\" value=\"NVIVO-Veri-Analizi\" id=\"forminator-field-checkbox-1-4-69e485dd7df81\" aria-labelledby=\"forminator-field-checkbox-1-4-69e485dd7df81-label\" data-calculation=\"0\"   aria-describedby=\"forminator-field-checkbox-1-69e485dd7df81-description\"\/><span class=\"forminator-checkbox-box\" aria-hidden=\"true\"><\/span><span class=\"forminator-checkbox-label\">NVIVO Veri Analizi<\/span><span class=\"forminator-checkbox-image\" aria-hidden=\"true\"><span style=\"background-image: url(https:\/\/bilimyeri.com\/wp-content\/uploads\/2023\/08\/va_nvivo.png);\"><\/span><\/span><\/label><span id=\"forminator-field-checkbox-1-69e485dd7df81-description\" class=\"forminator-description\">L\u00fctfen fiyat teklifi almak istedi\u011finiz veri analizini se\u00e7iniz.<\/span><\/div><\/div><\/div><div class=\"forminator-row\"><div id=\"textarea-1\" class=\"forminator-field-textarea forminator-col forminator-col-12 \"><div class=\"forminator-field\"><label for=\"forminator-field-textarea-1_69e485dd7df81\" id=\"forminator-field-textarea-1_69e485dd7df81-label\" class=\"forminator-label\">A\u00e7\u0131klama <span class=\"forminator-required\">*<\/span><\/label><textarea name=\"textarea-1\" placeholder=\"\" id=\"forminator-field-textarea-1_69e485dd7df81\" class=\"forminator-textarea\" rows=\"6\" style=\"min-height:140px;\" maxlength=\"180\" aria-describedby=\"forminator-field-textarea-1_69e485dd7df81-description\" ><\/textarea><span id=\"forminator-field-textarea-1_69e485dd7df81-description\" class=\"forminator-description\">Veri analizi yap\u0131lacak ara\u015ft\u0131rma hakk\u0131nda bilgi giriniz: Ba\u015fl\u0131k, ama\u00e7, hipotezler, evren, veri seti \u00f6rneklem say\u0131s\u0131, vb. hakk\u0131nda k\u0131sa bilgi veriniz.<span data-limit=\"180\" data-type=\"characters\" data-editor=\"\">0 \/ 180<\/span><\/span><\/div><\/div><\/div><div class=\"forminator-row\"><div id=\"name-2\" class=\"forminator-field-name forminator-col forminator-col-12 \"><div class=\"forminator-field\"><label for=\"forminator-field-name-2_69e485dd7df81\" id=\"forminator-field-name-2_69e485dd7df81-label\" class=\"forminator-label\">Analiz raporu teslim s\u00fcresi <span class=\"forminator-required\">*<\/span><\/label><input type=\"text\" name=\"name-2\" value=\"\" placeholder=\"Analiz raporu teslim s\u00fcresi\" id=\"forminator-field-name-2_69e485dd7df81\" class=\"forminator-input forminator-name--field\" aria-required=\"true\" autocomplete=\"name\" aria-describedby=\"forminator-field-name-2_69e485dd7df81-description\" \/><span id=\"forminator-field-name-2_69e485dd7df81-description\" class=\"forminator-description\">Talep edilen analiz raporunun ka\u00e7 g\u00fcn i\u00e7inde teslim edilmesi gerekti\u011fini yaz\u0131n\u0131z.<\/span><\/div><\/div><\/div><div class=\"forminator-row\"><div id=\"name-1\" class=\"forminator-field-name forminator-col forminator-col-12 \"><div class=\"forminator-row forminator-no-margin\" data-multiple=\"true\"><div class=\"forminator-col forminator-col-md-6\"><div class=\"forminator-field\"><label for=\"forminator-field-first-name-1_69e485dd7df81\" id=\"forminator-field-first-name-1_69e485dd7df81-label\" class=\"forminator-label\">Ad <span class=\"forminator-required\">*<\/span><\/label><input type=\"text\" name=\"name-1-first-name\" placeholder=\"Ad\u0131n\u0131z\" id=\"forminator-field-first-name-1_69e485dd7df81\" class=\"forminator-input\" aria-required=\"true\" data-multi=\"1\" autocomplete=\"given-name\" value=\"\" \/><\/div><\/div><div class=\"forminator-col forminator-col-md-6\"><div class=\"forminator-field\"><label for=\"forminator-field-last-name-1_69e485dd7df81\" id=\"forminator-field-last-name-1_69e485dd7df81-label\" class=\"forminator-label\">Soyad <span class=\"forminator-required\">*<\/span><\/label><input type=\"text\" name=\"name-1-last-name\" placeholder=\"Soyad\u0131n\u0131z\" id=\"forminator-field-last-name-1_69e485dd7df81\" class=\"forminator-input\" aria-required=\"true\" data-multi=\"1\" autocomplete=\"family-name\" value=\"\" \/><\/div><\/div><\/div><\/div><\/div><div class=\"forminator-row\"><div id=\"email-1\" class=\"forminator-field-email forminator-col forminator-col-12 \"><div class=\"forminator-field\"><label for=\"forminator-field-email-1_69e485dd7df81\" id=\"forminator-field-email-1_69e485dd7df81-label\" class=\"forminator-label\">E-posta Adresi <span class=\"forminator-required\">*<\/span><\/label><input type=\"email\" name=\"email-1\" value=\"\" placeholder=\"e-posta\" id=\"forminator-field-email-1_69e485dd7df81\" class=\"forminator-input forminator-email--field\" data-required=\"true\" aria-required=\"true\" autocomplete=\"email\" \/><\/div><\/div><\/div><div class=\"forminator-row\"><div id=\"phone-1\" class=\"forminator-field-phone forminator-col forminator-col-12 \"><div class=\"forminator-field\"><label for=\"forminator-field-phone-1_69e485dd7df81\" id=\"forminator-field-phone-1_69e485dd7df81-label\" class=\"forminator-label\">Telefon <span class=\"forminator-required\">*<\/span><\/label><input type=\"text\" name=\"phone-1\" value=\"\" placeholder=\"Telefon numaran\u0131z\" id=\"forminator-field-phone-1_69e485dd7df81\" class=\"forminator-input forminator-field--phone\" data-required=\"1\" aria-required=\"true\" autocomplete=\"off\" data-validation=\"1\" \/><\/div><\/div><\/div><input type=\"hidden\" name=\"referer_url\" value=\"\" \/><div class=\"forminator-row forminator-row-last\"><div class=\"forminator-col\"><div class=\"forminator-field\"><button class=\"forminator-button forminator-button-submit\">G&ouml;nder<\/button><\/div><\/div><\/div><input type=\"hidden\" id=\"forminator_nonce\" name=\"forminator_nonce\" value=\"7f6b0a1f54\" \/><input type=\"hidden\" name=\"_wp_http_referer\" value=\"\/index.php?rest_route=%2Fwp%2Fv2%2Fpages%2F2\" \/><input type=\"hidden\" name=\"form_id\" value=\"118\"><input type=\"hidden\" name=\"page_id\" value=\"2\"><input type=\"hidden\" name=\"form_type\" value=\"default\"><input type=\"hidden\" name=\"current_url\" value=\"https:\/\/bilimyeri.com\/?page_id=2\"><input type=\"hidden\" name=\"render_id\" value=\"0\"><input type=\"hidden\" name=\"action\" value=\"forminator_submit_form_custom-forms\"><\/form>\n","protected":false},"excerpt":{"rendered":"<p>Veri Analizi Fiyat Teklifi Alma<\/p>\n","protected":false},"author":1,"featured_media":0,"parent":0,"menu_order":0,"comment_status":"closed","ping_status":"closed","template":"","meta":{"_uag_custom_page_level_css":"","site-sidebar-layout":"default","site-content-layout":"","ast-site-content-layout":"default","site-content-style":"default","site-sidebar-style":"default","ast-global-header-display":"","ast-banner-title-visibility":"","ast-main-header-display":"","ast-hfb-above-header-display":"","ast-hfb-below-header-display":"","ast-hfb-mobile-header-display":"","site-post-title":"disabled","ast-breadcrumbs-content":"","ast-featured-img":"","footer-sml-layout":"","ast-disable-related-posts":"","theme-transparent-header-meta":"","adv-header-id-meta":"","stick-header-meta":"","header-above-stick-meta":"","header-main-stick-meta":"","header-below-stick-meta":"","astra-migrate-meta-layouts":"default","ast-page-background-enabled":"default","ast-page-background-meta":{"desktop":{"background-color":"var(--ast-global-color-4)","background-image":"","background-repeat":"repeat","background-position":"center center","background-size":"auto","background-attachment":"scroll","background-type":"","background-media":"","overlay-type":"","overlay-color":"","overlay-opacity":"","overlay-gradient":""},"tablet":{"background-color":"","background-image":"","background-repeat":"repeat","background-position":"center center","background-size":"auto","background-attachment":"scroll","background-type":"","background-media":"","overlay-type":"","overlay-color":"","overlay-opacity":"","overlay-gradient":""},"mobile":{"background-color":"","background-image":"","background-repeat":"repeat","background-position":"center center","background-size":"auto","background-attachment":"scroll","background-type":"","background-media":"","overlay-type":"","overlay-color":"","overlay-opacity":"","overlay-gradient":""}},"ast-content-background-meta":{"desktop":{"background-color":"var(--ast-global-color-5)","background-image":"","background-repeat":"repeat","background-position":"center center","background-size":"auto","background-attachment":"scroll","background-type":"","background-media":"","overlay-type":"","overlay-color":"","overlay-opacity":"","overlay-gradient":""},"tablet":{"background-color":"var(--ast-global-color-5)","background-image":"","background-repeat":"repeat","background-position":"center center","background-size":"auto","background-attachment":"scroll","background-type":"","background-media":"","overlay-type":"","overlay-color":"","overlay-opacity":"","overlay-gradient":""},"mobile":{"background-color":"var(--ast-global-color-5)","background-image":"","background-repeat":"repeat","background-position":"center center","background-size":"auto","background-attachment":"scroll","background-type":"","background-media":"","overlay-type":"","overlay-color":"","overlay-opacity":"","overlay-gradient":""}},"footnotes":""},"class_list":["post-2","page","type-page","status-publish","hentry"],"uagb_featured_image_src":{"full":false,"thumbnail":false,"medium":false,"medium_large":false,"large":false,"1536x1536":false,"2048x2048":false,"woocommerce_thumbnail":false,"woocommerce_single":false,"woocommerce_gallery_thumbnail":false},"uagb_author_info":{"display_name":"bilimyeri_com","author_link":"https:\/\/bilimyeri.com\/?author=1"},"uagb_comment_info":0,"uagb_excerpt":"Veri Analizi Fiyat Teklifi Alma","_links":{"self":[{"href":"https:\/\/bilimyeri.com\/index.php?rest_route=\/wp\/v2\/pages\/2","targetHints":{"allow":["GET"]}}],"collection":[{"href":"https:\/\/bilimyeri.com\/index.php?rest_route=\/wp\/v2\/pages"}],"about":[{"href":"https:\/\/bilimyeri.com\/index.php?rest_route=\/wp\/v2\/types\/page"}],"author":[{"embeddable":true,"href":"https:\/\/bilimyeri.com\/index.php?rest_route=\/wp\/v2\/users\/1"}],"replies":[{"embeddable":true,"href":"https:\/\/bilimyeri.com\/index.php?rest_route=%2Fwp%2Fv2%2Fcomments&post=2"}],"version-history":[{"count":5,"href":"https:\/\/bilimyeri.com\/index.php?rest_route=\/wp\/v2\/pages\/2\/revisions"}],"predecessor-version":[{"id":140,"href":"https:\/\/bilimyeri.com\/index.php?rest_route=\/wp\/v2\/pages\/2\/revisions\/140"}],"wp:attachment":[{"href":"https:\/\/bilimyeri.com\/index.php?rest_route=%2Fwp%2Fv2%2Fmedia&parent=2"}],"curies":[{"name":"wp","href":"https:\/\/api.w.org\/{rel}","templated":true}]}}