{"id":186,"date":"2023-08-12T18:14:31","date_gmt":"2023-08-12T15:14:31","guid":{"rendered":"https:\/\/bilimyeri.com\/?page_id=186"},"modified":"2026-02-04T01:50:22","modified_gmt":"2026-02-03T22:50:22","slug":"ana-sayfa","status":"publish","type":"page","link":"https:\/\/bilimyeri.com\/?page_id=186","title":{"rendered":"Uluslararas\u0131 Ticaret E\u011fitimler\u200bi"},"content":{"rendered":"\n<div class=\"wp-block-uagb-container uagb-block-5e3f9ddd alignfull uagb-is-root-container\"><div class=\"uagb-container-inner-blocks-wrap\">\n<div class=\"wp-block-uagb-container uagb-block-76599a23\">\n<div class=\"wp-block-uagb-advanced-heading uagb-block-05719fcf\"><h1 class=\"uagb-heading-text\">Uluslararas\u0131 Ticaret E\u011fitimler\u200bi<\/h1><\/div>\n\n\n\n<div class=\"wp-block-uagb-advanced-heading uagb-block-7fc48a02\"><h3 class=\"uagb-heading-text\"><em>Uluslararas\u0131 ticaret e\u011fitiminin do\u011fru adresi<\/em><\/h3><\/div>\n<\/div>\n<\/div><\/div>\n\n\n\n<div class=\"wp-block-uagb-container uagb-block-b787c72e alignfull uagb-is-root-container\"><div class=\"uagb-container-inner-blocks-wrap\">\n<div class=\"wp-block-uagb-container uagb-block-897f8b9a default uagb-is-root-container\">\n<div class=\"wp-block-uagb-container uagb-block-2cbb3cc0\">\n<div class=\"wp-block-uagb-advanced-heading uagb-block-2612f4f8\"><h6 class=\"uagb-heading-text\"><a href=\"https:\/\/egitim.bilimyeri.com\" target=\"_blank\" rel=\"noreferrer noopener\">UT\u0130<\/a><\/h6><\/div>\n\n\n\n<div class=\"wp-block-uagb-advanced-heading uagb-block-f9c2f3b8\"><p class=\"uagb-desc-text\">42 Saat<\/p><\/div>\n\n\n\n<figure class=\"wp-block-image aligncenter size-full\"><a href=\"https:\/\/egitim.bilimyeri.com\"><img loading=\"lazy\" decoding=\"async\" width=\"377\" height=\"283\" src=\"https:\/\/bilimyeri.com\/wp-content\/uploads\/2025\/10\/utoperations.jpg\" alt=\"\" class=\"wp-image-333\" srcset=\"https:\/\/bilimyeri.com\/wp-content\/uploads\/2025\/10\/utoperations.jpg 377w, https:\/\/bilimyeri.com\/wp-content\/uploads\/2025\/10\/utoperations-300x225.jpg 300w\" sizes=\"auto, (max-width: 377px) 100vw, 377px\" \/><\/a><figcaption class=\"wp-element-caption\">Uluslararas\u0131 Ticaret \u0130\u015flemleri\u200b<\/figcaption><\/figure>\n<\/div>\n\n\n\n<div class=\"wp-block-uagb-container uagb-block-1b6de933\">\n<div class=\"wp-block-uagb-advanced-heading uagb-block-122d40ea\"><h6 class=\"uagb-heading-text\"><a href=\"https:\/\/egitim.bilimyeri.com\" target=\"_blank\" rel=\"noreferrer noopener\">UTY\u200b<\/a><\/h6><\/div>\n\n\n\n<div class=\"wp-block-uagb-advanced-heading uagb-block-c0c73f12\"><p class=\"uagb-desc-text\">42 Saat<\/p><\/div>\n\n\n\n<figure class=\"wp-block-image aligncenter size-full\"><a href=\"https:\/\/egitim.bilimyeri.com\"><img loading=\"lazy\" decoding=\"async\" width=\"142\" height=\"141\" src=\"https:\/\/bilimyeri.com\/wp-content\/uploads\/2025\/10\/world_globe.png\" alt=\"\" class=\"wp-image-342\" srcset=\"https:\/\/bilimyeri.com\/wp-content\/uploads\/2025\/10\/world_globe.png 142w, https:\/\/bilimyeri.com\/wp-content\/uploads\/2025\/10\/world_globe-100x100.png 100w\" sizes=\"auto, (max-width: 142px) 100vw, 142px\" \/><\/a><figcaption class=\"wp-element-caption\">Uluslararas\u0131 Ticaret Y\u00f6netimi<\/figcaption><\/figure>\n<\/div>\n\n\n\n<div class=\"wp-block-uagb-container uagb-block-ef1a2809\">\n<div class=\"wp-block-uagb-advanced-heading uagb-block-0f1f7b6f\"><h6 class=\"uagb-heading-text\"><a href=\"https:\/\/egitim.bilimyeri.com\" target=\"_blank\" rel=\"noreferrer noopener\">SUTY<\/a><\/h6><\/div>\n\n\n\n<div class=\"wp-block-uagb-advanced-heading uagb-block-57e6deb3\"><p class=\"uagb-desc-text\">42 Saat<\/p><\/div>\n\n\n\n<figure class=\"wp-block-image aligncenter size-full\"><a href=\"https:\/\/egitim.bilimyeri.com\"><img loading=\"lazy\" decoding=\"async\" width=\"130\" height=\"106\" src=\"https:\/\/bilimyeri.com\/wp-content\/uploads\/2025\/10\/uty.png\" alt=\"\" class=\"wp-image-340\"\/><\/a><figcaption class=\"wp-element-caption\">Stratejik Uluslararas\u0131 Ticaret Y\u00f6netimi\u200b<\/figcaption><\/figure>\n<\/div>\n\n\n\n<div class=\"wp-block-uagb-container uagb-block-9e8c6c28\">\n<div class=\"wp-block-uagb-advanced-heading uagb-block-1b0d460c\"><h6 class=\"uagb-heading-text\"><a href=\"https:\/\/egitim.bilimyeri.com\" target=\"_blank\" rel=\"noreferrer noopener\">UTYaz<\/a><\/h6><\/div>\n\n\n\n<div class=\"wp-block-uagb-advanced-heading uagb-block-706d194b\"><p class=\"uagb-desc-text\">42 Saat<\/p><\/div>\n\n\n\n<figure class=\"wp-block-image aligncenter size-full\"><a href=\"https:\/\/egitim.bilimyeri.com\"><img loading=\"lazy\" decoding=\"async\" width=\"783\" height=\"501\" src=\"https:\/\/bilimyeri.com\/wp-content\/uploads\/2025\/10\/UT_Yazilimlari.png\" alt=\"\" class=\"wp-image-334\" srcset=\"https:\/\/bilimyeri.com\/wp-content\/uploads\/2025\/10\/UT_Yazilimlari.png 783w, https:\/\/bilimyeri.com\/wp-content\/uploads\/2025\/10\/UT_Yazilimlari-300x192.png 300w, https:\/\/bilimyeri.com\/wp-content\/uploads\/2025\/10\/UT_Yazilimlari-768x491.png 768w, https:\/\/bilimyeri.com\/wp-content\/uploads\/2025\/10\/UT_Yazilimlari-600x384.png 600w\" sizes=\"auto, (max-width: 783px) 100vw, 783px\" \/><\/a><figcaption class=\"wp-element-caption\">Uluslararas\u0131 Ticaret Yaz\u0131l\u0131mlar\u0131<\/figcaption><\/figure>\n<\/div>\n<\/div>\n\n\n\n<div class=\"wp-block-uagb-container uagb-block-5c487998 default uagb-is-root-container\">\n<div class=\"wp-block-uagb-container uagb-block-ba46505f\">\n<div class=\"wp-block-uagb-advanced-heading uagb-block-ca8f4108\"><h6 class=\"uagb-heading-text\"><a href=\"https:\/\/egitim.bilimyeri.com\" target=\"_blank\" rel=\"noreferrer noopener\">ETY<\/a><\/h6><\/div>\n\n\n\n<div class=\"wp-block-uagb-advanced-heading uagb-block-6cd6a801\"><p class=\"uagb-desc-text\">42 Saat<\/p><\/div>\n\n\n\n<figure class=\"wp-block-image aligncenter size-full\"><a href=\"https:\/\/egitim.bilimyeri.com\"><img loading=\"lazy\" decoding=\"async\" width=\"407\" height=\"270\" src=\"https:\/\/bilimyeri.com\/wp-content\/uploads\/2025\/10\/eticaret-small.jpg\" alt=\"\" class=\"wp-image-345\" srcset=\"https:\/\/bilimyeri.com\/wp-content\/uploads\/2025\/10\/eticaret-small.jpg 407w, https:\/\/bilimyeri.com\/wp-content\/uploads\/2025\/10\/eticaret-small-300x199.jpg 300w\" sizes=\"auto, (max-width: 407px) 100vw, 407px\" \/><\/a><figcaption class=\"wp-element-caption\">E-Ticaret Y\u00f6netimi\u200b<\/figcaption><\/figure>\n<\/div>\n\n\n\n<div class=\"wp-block-uagb-container uagb-block-37d05b27\">\n<div class=\"wp-block-uagb-advanced-heading uagb-block-a13d4889\"><h6 class=\"uagb-heading-text\"><a href=\"https:\/\/egitim.bilimyeri.com\" target=\"_blank\" rel=\"noreferrer noopener\">E\u0130Y<\/a><\/h6><\/div>\n\n\n\n<div class=\"wp-block-uagb-advanced-heading uagb-block-da3d18cb\"><p class=\"uagb-desc-text\">42 Saat<\/p><\/div>\n\n\n\n<figure class=\"wp-block-image aligncenter size-full\"><a href=\"https:\/\/egitim.bilimyeri.com\"><img loading=\"lazy\" decoding=\"async\" width=\"516\" height=\"247\" src=\"https:\/\/bilimyeri.com\/wp-content\/uploads\/2025\/10\/eihracat.png\" alt=\"\" class=\"wp-image-349\" srcset=\"https:\/\/bilimyeri.com\/wp-content\/uploads\/2025\/10\/eihracat.png 516w, https:\/\/bilimyeri.com\/wp-content\/uploads\/2025\/10\/eihracat-300x144.png 300w\" sizes=\"auto, (max-width: 516px) 100vw, 516px\" \/><\/a><figcaption class=\"wp-element-caption\">E-\u0130hracat Y\u00f6netimi\u200b<\/figcaption><\/figure>\n<\/div>\n\n\n\n<div class=\"wp-block-uagb-container uagb-block-baa07790\">\n<div class=\"wp-block-uagb-advanced-heading uagb-block-b35e1271\"><h6 class=\"uagb-heading-text\"><a href=\"https:\/\/egitim.bilimyeri.com\" target=\"_blank\" rel=\"noreferrer noopener\">UTK<\/a><\/h6><\/div>\n\n\n\n<div class=\"wp-block-uagb-advanced-heading uagb-block-70d6b809\"><p class=\"uagb-desc-text\">42 Saat<\/p><\/div>\n\n\n\n<figure class=\"wp-block-image size-full\"><a href=\"https:\/\/egitim.bilimyeri.com\"><img loading=\"lazy\" decoding=\"async\" width=\"497\" height=\"226\" src=\"https:\/\/bilimyeri.com\/wp-content\/uploads\/2025\/10\/UT-ve-Kultur.png\" alt=\"\" class=\"wp-image-344\" srcset=\"https:\/\/bilimyeri.com\/wp-content\/uploads\/2025\/10\/UT-ve-Kultur.png 497w, https:\/\/bilimyeri.com\/wp-content\/uploads\/2025\/10\/UT-ve-Kultur-300x136.png 300w\" sizes=\"auto, (max-width: 497px) 100vw, 497px\" \/><\/a><figcaption class=\"wp-element-caption\">Uluslararas\u0131 Ticaret ve K\u00fclt\u00fcr<\/figcaption><\/figure>\n<\/div>\n\n\n\n<div class=\"wp-block-uagb-container uagb-block-d39a18d1\">\n<div class=\"wp-block-uagb-advanced-heading uagb-block-be077fae\"><h6 class=\"uagb-heading-text\"><a href=\"https:\/\/egitim.bilimyeri.com\" target=\"_blank\" rel=\"noreferrer noopener\">BAT<\/a><\/h6><\/div>\n\n\n\n<div class=\"wp-block-uagb-advanced-heading uagb-block-b35789af\"><p class=\"uagb-desc-text\">42 Saat<\/p><\/div>\n\n\n\n<figure class=\"wp-block-image aligncenter size-full\"><a href=\"https:\/\/egitim.bilimyeri.com\"><img loading=\"lazy\" decoding=\"async\" width=\"220\" height=\"168\" src=\"https:\/\/bilimyeri.com\/wp-content\/uploads\/2025\/10\/search.png\" alt=\"\" class=\"wp-image-347\"\/><\/a><figcaption class=\"wp-element-caption\">Bilimsel Ara\u015ft\u0131rma Teknikleri<\/figcaption><\/figure>\n<\/div>\n<\/div>\n<\/div><\/div>\n\n\n\n<div class=\"wp-block-uagb-container uagb-block-016cb94e alignfull uagb-is-root-container\"><div class=\"uagb-container-inner-blocks-wrap\">\n<div class=\"wp-block-uagb-container uagb-block-58ea8c89\">\n<div class=\"wp-block-uagb-info-box uagb-block-2bc618c3 uagb-infobox__content-wrap  uagb-infobox-icon-above-title uagb-infobox-image-valign-top\"><div class=\"uagb-ifb-content\"><div class=\"uagb-ifb-icon-wrap\"><div class=\"uagb-iconbox-icon-wrap uagb-infobox-shape-circle\"><svg xmlns=\"https:\/\/www.w3.org\/2000\/svg\" viewBox=\"0 0 640 512\"><path d=\"M623.1 136.9l-282.7-101.2c-13.73-4.91-28.7-4.91-42.43 0L16.05 136.9C6.438 140.4 0 149.6 0 160s6.438 19.65 16.05 23.09L76.07 204.6c-11.89 15.8-20.26 34.16-24.55 53.95C40.05 263.4 32 274.8 32 288c0 9.953 4.814 18.49 11.94 24.36l-24.83 149C17.48 471.1 25 480 34.89 480H93.11c9.887 0 17.41-8.879 15.78-18.63l-24.83-149C91.19 306.5 96 297.1 96 288c0-10.29-5.174-19.03-12.72-24.89c4.252-17.76 12.88-33.82 24.94-47.03l190.6 68.23c13.73 4.91 28.7 4.91 42.43 0l282.7-101.2C633.6 179.6 640 170.4 640 160S633.6 140.4 623.1 136.9zM351.1 314.4C341.7 318.1 330.9 320 320 320c-10.92 0-21.69-1.867-32-5.555L142.8 262.5L128 405.3C128 446.6 213.1 480 320 480c105.1 0 192-33.4 192-74.67l-14.78-142.9L351.1 314.4z\"><\/path><\/svg><\/div><\/div><div class=\"uagb-ifb-title-wrap\"><h4 class=\"uagb-ifb-title\">Uygulama Odakl\u0131<\/h4><\/div><p class=\"uagb-ifb-desc\">Pratik uygulama esasl\u0131.<\/p><\/div><\/div>\n<\/div>\n\n\n\n<div class=\"wp-block-uagb-container uagb-block-15e24b94\">\n<div class=\"wp-block-uagb-info-box uagb-block-d412c42a uagb-infobox__content-wrap  uagb-infobox-icon-above-title uagb-infobox-image-valign-top\"><div class=\"uagb-ifb-content\"><div class=\"uagb-ifb-icon-wrap\"><div class=\"uagb-iconbox-icon-wrap uagb-infobox-shape-circle\"><svg xmlns=\"https:\/\/www.w3.org\/2000\/svg\" viewBox=\"0 0 640 512\"><path d=\"M622.3 271.1l-115.1-45.01c-4.125-1.629-12.62-3.754-22.25 0L369.8 271.1C359 275.2 352 285.1 352 295.1c0 111.6 68.75 188.8 132.9 213.9c9.625 3.75 18 1.625 22.25 0C558.4 489.9 640 420.5 640 295.1C640 285.1 633 275.2 622.3 271.1zM496 462.4V273.2l95.5 37.38C585.9 397.8 530.6 446 496 462.4zM224 256c70.7 0 128-57.31 128-128S294.7 0 224 0C153.3 0 96 57.31 96 128S153.3 256 224 256zM320.6 310.3C305.9 306.3 290.6 304 274.7 304H173.3C77.61 304 0 381.7 0 477.4C0 496.5 15.52 512 34.66 512H413.3c3.143 0 5.967-1.004 8.861-1.789C369.7 469.8 324.1 400.3 320.6 310.3z\"><\/path><\/svg><\/div><\/div><div class=\"uagb-ifb-title-wrap\"><h4 class=\"uagb-ifb-title\">Uzman E\u011fitim<\/h4><\/div><p class=\"uagb-ifb-desc\">Alan\u0131nda uzman e\u011fitmen.<\/p><\/div><\/div>\n<\/div>\n\n\n\n<div class=\"wp-block-uagb-container uagb-block-f5004861\">\n<div class=\"wp-block-uagb-info-box uagb-block-8bcb1b48 uagb-infobox__content-wrap  uagb-infobox-icon-above-title uagb-infobox-image-valign-top\"><div class=\"uagb-ifb-content\"><div class=\"uagb-ifb-icon-wrap\"><div class=\"uagb-iconbox-icon-wrap uagb-infobox-shape-circle\"><svg xmlns=\"https:\/\/www.w3.org\/2000\/svg\" viewBox=\"0 0 512 512\"><path d=\"M0 219.2v212.5c0 14.25 11.62 26.25 26.5 27C75.32 461.2 180.2 471.3 240 511.9V245.2C181.4 205.5 79.99 194.8 29.84 192C13.59 191.1 0 203.6 0 219.2zM482.2 192c-50.09 2.848-151.3 13.47-209.1 53.09C272.1 245.2 272 245.3 272 245.5v266.5c60.04-40.39 164.7-50.76 213.5-53.28C500.4 457.9 512 445.9 512 431.7V219.2C512 203.6 498.4 191.1 482.2 192zM352 96c0-53-43-96-96-96S160 43 160 96s43 96 96 96S352 149 352 96z\"><\/path><\/svg><\/div><\/div><div class=\"uagb-ifb-title-wrap\"><h4 class=\"uagb-ifb-title\">Zengin Materyal<\/h4><\/div><p class=\"uagb-ifb-desc\">Zengin i\u00e7erik ve materyal.<\/p><\/div><\/div>\n<\/div>\n\n\n\n<div class=\"wp-block-uagb-container uagb-block-f4f4b79f\">\n<div class=\"wp-block-uagb-info-box uagb-block-a6c8bb28 uagb-infobox__content-wrap  uagb-infobox-icon-above-title uagb-infobox-image-valign-top\"><div class=\"uagb-ifb-content\"><div class=\"uagb-ifb-icon-wrap\"><div class=\"uagb-iconbox-icon-wrap uagb-infobox-shape-circle\"><svg xmlns=\"https:\/\/www.w3.org\/2000\/svg\" viewBox=\"0 0 320 512\"><path d=\"M160 0C177.7 0 192 14.33 192 32V67.68C193.6 67.89 195.1 68.12 196.7 68.35C207.3 69.93 238.9 75.02 251.9 78.31C268.1 82.65 279.4 100.1 275 117.2C270.7 134.3 253.3 144.7 236.1 140.4C226.8 137.1 198.5 133.3 187.3 131.7C155.2 126.9 127.7 129.3 108.8 136.5C90.52 143.5 82.93 153.4 80.92 164.5C78.98 175.2 80.45 181.3 82.21 185.1C84.1 189.1 87.79 193.6 95.14 198.5C111.4 209.2 136.2 216.4 168.4 225.1L171.2 225.9C199.6 233.6 234.4 243.1 260.2 260.2C274.3 269.6 287.6 282.3 295.8 299.9C304.1 317.7 305.9 337.7 302.1 358.1C295.1 397 268.1 422.4 236.4 435.6C222.8 441.2 207.8 444.8 192 446.6V480C192 497.7 177.7 512 160 512C142.3 512 128 497.7 128 480V445.1C127.6 445.1 127.1 444.1 126.7 444.9L126.5 444.9C102.2 441.1 62.07 430.6 35 418.6C18.85 411.4 11.58 392.5 18.76 376.3C25.94 360.2 44.85 352.9 60.1 360.1C81.9 369.4 116.3 378.5 136.2 381.6C168.2 386.4 194.5 383.6 212.3 376.4C229.2 369.5 236.9 359.5 239.1 347.5C241 336.8 239.6 330.7 237.8 326.9C235.9 322.9 232.2 318.4 224.9 313.5C208.6 302.8 183.8 295.6 151.6 286.9L148.8 286.1C120.4 278.4 85.58 268.9 59.76 251.8C45.65 242.4 32.43 229.7 24.22 212.1C15.89 194.3 14.08 174.3 17.95 153C25.03 114.1 53.05 89.29 85.96 76.73C98.98 71.76 113.1 68.49 128 66.73V32C128 14.33 142.3 0 160 0V0z\"><\/path><\/svg><\/div><\/div><div class=\"uagb-ifb-title-wrap\"><h4 class=\"uagb-ifb-title\">Uygun Fiyat<\/h4><\/div><p class=\"uagb-ifb-desc\">B\u00fct\u00e7e dostu fiyat.<\/p><\/div><\/div>\n<\/div>\n<\/div><\/div>\n\n\n\n<div class=\"wp-block-uagb-container uagb-block-5028a064 alignfull uagb-is-root-container\"><div class=\"uagb-container-inner-blocks-wrap\">\n<div class=\"wp-block-uagb-container uagb-block-d40dcc5b\">\n<div class=\"wp-block-uagb-advanced-heading uagb-block-37737e85\"><h5 class=\"uagb-heading-text\">E\u011fitimini se\u00e7<\/h5><\/div>\n\n\n\n<div class=\"wp-block-uagb-info-box uagb-block-6e28a2f3 uagb-infobox__content-wrap  uagb-infobox-icon-above-title uagb-infobox-image-valign-top\"><div class=\"uagb-ifb-content\"><div class=\"uagb-ifb-title-wrap\"><h1 class=\"uagb-ifb-title\"><em>\u00d6\u011frenmeye <strong><u>ba\u015fla<\/u><\/strong>!<\/em><\/h1><\/div><div class=\"uagb-ifb-button-wrapper wp-block-button\"><a href=\"#\" class=\"uagb-infobox-cta-link wp-block-button__link\" target=\"_self\" rel=\"noopener noreferrer\" onclick=\"return false;\"><span class=\"uagb-inline-editing\">Devam\u0131n\u0131 Oku<\/span><\/a><\/div><\/div><\/div>\n<\/div>\n<\/div><\/div>\n","protected":false},"excerpt":{"rendered":"<p>Uluslararas\u0131 Ticaret E\u011fitimler\u200bi Uluslararas\u0131 ticaret e\u011fitiminin do\u011fru adresi UT\u0130 42 Saat UTY\u200b 42 Saat SUTY 42 Saat UTYaz 42 Saat ETY 42 Saat E\u0130Y 42 Saat UTK 42 Saat BAT 42 Saat E\u011fitimini se\u00e7<\/p>\n","protected":false},"author":1,"featured_media":26,"parent":0,"menu_order":0,"comment_status":"closed","ping_status":"closed","template":"","meta":{"_uag_custom_page_level_css":"","site-sidebar-layout":"default","site-content-layout":"","ast-site-content-layout":"default","site-content-style":"default","site-sidebar-style":"default","ast-global-header-display":"","ast-banner-title-visibility":"","ast-main-header-display":"","ast-hfb-above-header-display":"","ast-hfb-below-header-display":"","ast-hfb-mobile-header-display":"","site-post-title":"","ast-breadcrumbs-content":"","ast-featured-img":"","footer-sml-layout":"","ast-disable-related-posts":"","theme-transparent-header-meta":"disabled","adv-header-id-meta":"","stick-header-meta":"","header-above-stick-meta":"","header-main-stick-meta":"","header-below-stick-meta":"","astra-migrate-meta-layouts":"set","ast-page-background-enabled":"default","ast-page-background-meta":{"desktop":{"background-color":"var(--ast-global-color-4)","background-image":"","background-repeat":"repeat","background-position":"center center","background-size":"auto","background-attachment":"scroll","background-type":"","background-media":"","overlay-type":"","overlay-color":"","overlay-opacity":"","overlay-gradient":""},"tablet":{"background-color":"","background-image":"","background-repeat":"repeat","background-position":"center center","background-size":"auto","background-attachment":"scroll","background-type":"","background-media":"","overlay-type":"","overlay-color":"","overlay-opacity":"","overlay-gradient":""},"mobile":{"background-color":"","background-image":"","background-repeat":"repeat","background-position":"center center","background-size":"auto","background-attachment":"scroll","background-type":"","background-media":"","overlay-type":"","overlay-color":"","overlay-opacity":"","overlay-gradient":""}},"ast-content-background-meta":{"desktop":{"background-color":"var(--ast-global-color-5)","background-image":"","background-repeat":"repeat","background-position":"center center","background-size":"auto","background-attachment":"scroll","background-type":"","background-media":"","overlay-type":"","overlay-color":"","overlay-opacity":"","overlay-gradient":""},"tablet":{"background-color":"var(--ast-global-color-5)","background-image":"","background-repeat":"repeat","background-position":"center center","background-size":"auto","background-attachment":"scroll","background-type":"","background-media":"","overlay-type":"","overlay-color":"","overlay-opacity":"","overlay-gradient":""},"mobile":{"background-color":"var(--ast-global-color-5)","background-image":"","background-repeat":"repeat","background-position":"center center","background-size":"auto","background-attachment":"scroll","background-type":"","background-media":"","overlay-type":"","overlay-color":"","overlay-opacity":"","overlay-gradient":""}},"footnotes":""},"class_list":["post-186","page","type-page","status-publish","has-post-thumbnail","hentry"],"uagb_featured_image_src":{"full":["https:\/\/bilimyeri.com\/wp-content\/uploads\/2023\/08\/bilimyeriBannerHeader.png",1065,40,false],"thumbnail":["https:\/\/bilimyeri.com\/wp-content\/uploads\/2023\/08\/bilimyeriBannerHeader-150x40.png",150,40,true],"medium":["https:\/\/bilimyeri.com\/wp-content\/uploads\/2023\/08\/bilimyeriBannerHeader-300x11.png",300,11,true],"medium_large":["https:\/\/bilimyeri.com\/wp-content\/uploads\/2023\/08\/bilimyeriBannerHeader-768x29.png",768,29,true],"large":["https:\/\/bilimyeri.com\/wp-content\/uploads\/2023\/08\/bilimyeriBannerHeader-1024x38.png",1024,38,true],"1536x1536":["https:\/\/bilimyeri.com\/wp-content\/uploads\/2023\/08\/bilimyeriBannerHeader.png",1065,40,false],"2048x2048":["https:\/\/bilimyeri.com\/wp-content\/uploads\/2023\/08\/bilimyeriBannerHeader.png",1065,40,false],"woocommerce_thumbnail":["https:\/\/bilimyeri.com\/wp-content\/uploads\/2023\/08\/bilimyeriBannerHeader-300x40.png",300,40,true],"woocommerce_single":["https:\/\/bilimyeri.com\/wp-content\/uploads\/2023\/08\/bilimyeriBannerHeader-600x23.png",600,23,true],"woocommerce_gallery_thumbnail":["https:\/\/bilimyeri.com\/wp-content\/uploads\/2023\/08\/bilimyeriBannerHeader-100x40.png",100,40,true]},"uagb_author_info":{"display_name":"bilimyeri_com","author_link":"https:\/\/bilimyeri.com\/?author=1"},"uagb_comment_info":0,"uagb_excerpt":"Uluslararas\u0131 Ticaret E\u011fitimler\u200bi Uluslararas\u0131 ticaret e\u011fitiminin do\u011fru adresi UT\u0130 42 Saat UTY\u200b 42 Saat SUTY 42 Saat UTYaz 42 Saat ETY 42 Saat E\u0130Y 42 Saat UTK 42 Saat BAT 42 Saat E\u011fitimini se\u00e7","_links":{"self":[{"href":"https:\/\/bilimyeri.com\/index.php?rest_route=\/wp\/v2\/pages\/186","targetHints":{"allow":["GET"]}}],"collection":[{"href":"https:\/\/bilimyeri.com\/index.php?rest_route=\/wp\/v2\/pages"}],"about":[{"href":"https:\/\/bilimyeri.com\/index.php?rest_route=\/wp\/v2\/types\/page"}],"author":[{"embeddable":true,"href":"https:\/\/bilimyeri.com\/index.php?rest_route=\/wp\/v2\/users\/1"}],"replies":[{"embeddable":true,"href":"https:\/\/bilimyeri.com\/index.php?rest_route=%2Fwp%2Fv2%2Fcomments&post=186"}],"version-history":[{"count":39,"href":"https:\/\/bilimyeri.com\/index.php?rest_route=\/wp\/v2\/pages\/186\/revisions"}],"predecessor-version":[{"id":363,"href":"https:\/\/bilimyeri.com\/index.php?rest_route=\/wp\/v2\/pages\/186\/revisions\/363"}],"wp:featuredmedia":[{"embeddable":true,"href":"https:\/\/bilimyeri.com\/index.php?rest_route=\/wp\/v2\/media\/26"}],"wp:attachment":[{"href":"https:\/\/bilimyeri.com\/index.php?rest_route=%2Fwp%2Fv2%2Fmedia&parent=186"}],"curies":[{"name":"wp","href":"https:\/\/api.w.org\/{rel}","templated":true}]}}